{"id":1972,"date":"2025-11-26T18:51:48","date_gmt":"2025-11-26T17:51:48","guid":{"rendered":"https:\/\/www.odeypaz.com\/?post_type=product&#038;p=1972"},"modified":"2025-12-07T11:38:47","modified_gmt":"2025-12-07T10:38:47","slug":"affiche-la-girafe-a3","status":"publish","type":"product","link":"https:\/\/www.odeypaz.com\/?product=affiche-la-girafe-a3","title":{"rendered":"Affiche La girafe A3"},"content":{"rendered":"<p>Affiche A3 <b>29,7 x 42 cm<\/b><\/p>\n<p>160g effet satin<img loading=\"lazy\" decoding=\"async\" class=\"size-medium wp-image-1898 alignleft\" src=\"https:\/\/www.odeypaz.com\/wp-content\/uploads\/2024\/12\/chapeau-3-5-scaled-e1764176532796-232x300.jpg\" alt=\"La girafe\" width=\"232\" height=\"300\" srcset=\"https:\/\/www.odeypaz.com\/wp-content\/uploads\/2024\/12\/chapeau-3-5-scaled-e1764176532796-232x300.jpg 232w, https:\/\/www.odeypaz.com\/wp-content\/uploads\/2024\/12\/chapeau-3-5-scaled-e1764176532796-600x777.jpg 600w, https:\/\/www.odeypaz.com\/wp-content\/uploads\/2024\/12\/chapeau-3-5-scaled-e1764176532796-791x1024.jpg 791w, https:\/\/www.odeypaz.com\/wp-content\/uploads\/2024\/12\/chapeau-3-5-scaled-e1764176532796-768x994.jpg 768w, https:\/\/www.odeypaz.com\/wp-content\/uploads\/2024\/12\/chapeau-3-5-scaled-e1764176532796-1187x1536.jpg 1187w, https:\/\/www.odeypaz.com\/wp-content\/uploads\/2024\/12\/chapeau-3-5-scaled-e1764176532796-1582x2048.jpg 1582w, https:\/\/www.odeypaz.com\/wp-content\/uploads\/2024\/12\/chapeau-3-5-scaled-e1764176532796.jpg 1796w\" sizes=\"auto, (max-width: 232px) 100vw, 232px\" \/><\/p>\n<p>Pour offrir ou s&#8217;offrir pour une French touch artistique comme on les aimes<\/p>\n<p>Cr\u00e9ation fait main puis mis en couleur sur le logiciel illustrator.<\/p>\n<p>Surr\u00e9aliste m\u00e9lange d&#8217;\u00e9motions, de voyage et partage<\/p>\n<p>S\u00e9rie portrait<\/p>\n<p>&nbsp;<\/p>\n","protected":false},"excerpt":{"rendered":"<p>Affiche A3 <b>29,7 x 42 cm<\/b><\/p>\n<p>160g effet satin<\/p>\n<p>Pour offrir ou s&#8217;offrir pour une French touch artistique comme on les aimes<\/p>\n<p>Cr\u00e9ation fait main puis mis en couleur sur le logiciel illustrator.<\/p>\n<p>Surr\u00e9aliste m\u00e9lange d&#8217;\u00e9motions, de voyage et partage<\/p>\n<p>S\u00e9rie portrait<\/p>\n<p>Surr\u00e9aliste m\u00e9elange d&#8217;\u00e9motions, de voyage et partage<\/p>\n<p>S\u00e9rie portrait<\/p>\n","protected":false},"featured_media":1898,"comment_status":"open","ping_status":"closed","template":"","meta":{"jetpack_post_was_ever_published":false},"product_cat":[23],"product_tag":[],"class_list":{"0":"post-1972","1":"product","2":"type-product","3":"status-publish","4":"has-post-thumbnail","6":"product_cat-affiches","8":"first","9":"instock","10":"sale","11":"featured","12":"taxable","13":"shipping-taxable","14":"purchasable","15":"product-type-simple"},"jetpack_sharing_enabled":true,"_links":{"self":[{"href":"https:\/\/www.odeypaz.com\/index.php?rest_route=\/wp\/v2\/product\/1972","targetHints":{"allow":["GET"]}}],"collection":[{"href":"https:\/\/www.odeypaz.com\/index.php?rest_route=\/wp\/v2\/product"}],"about":[{"href":"https:\/\/www.odeypaz.com\/index.php?rest_route=\/wp\/v2\/types\/product"}],"replies":[{"embeddable":true,"href":"https:\/\/www.odeypaz.com\/index.php?rest_route=%2Fwp%2Fv2%2Fcomments&post=1972"}],"wp:featuredmedia":[{"embeddable":true,"href":"https:\/\/www.odeypaz.com\/index.php?rest_route=\/wp\/v2\/media\/1898"}],"wp:attachment":[{"href":"https:\/\/www.odeypaz.com\/index.php?rest_route=%2Fwp%2Fv2%2Fmedia&parent=1972"}],"wp:term":[{"taxonomy":"product_cat","embeddable":true,"href":"https:\/\/www.odeypaz.com\/index.php?rest_route=%2Fwp%2Fv2%2Fproduct_cat&post=1972"},{"taxonomy":"product_tag","embeddable":true,"href":"https:\/\/www.odeypaz.com\/index.php?rest_route=%2Fwp%2Fv2%2Fproduct_tag&post=1972"}],"curies":[{"name":"wp","href":"https:\/\/api.w.org\/{rel}","templated":true}]}}

<p>Affiche A3 <b>29,7 x 42 cm</b></p>
<p>160g effet satin<img loading="lazy" decoding="async" class="size-medium wp-image-1898 alignleft" src="https://www.odeypaz.com/wp-content/uploads/2024/12/chapeau-3-5-scaled-e1764176532796-232x300.jpg" alt="La girafe" width="232" height="300" srcset="https://www.odeypaz.com/wp-content/uploads/2024/12/chapeau-3-5-scaled-e1764176532796-232x300.jpg 232w, https://www.odeypaz.com/wp-content/uploads/2024/12/chapeau-3-5-scaled-e1764176532796-600x777.jpg 600w, https://www.odeypaz.com/wp-content/uploads/2024/12/chapeau-3-5-scaled-e1764176532796-791x1024.jpg 791w, https://www.odeypaz.com/wp-content/uploads/2024/12/chapeau-3-5-scaled-e1764176532796-768x994.jpg 768w, https://www.odeypaz.com/wp-content/uploads/2024/12/chapeau-3-5-scaled-e1764176532796-1187x1536.jpg 1187w, https://www.odeypaz.com/wp-content/uploads/2024/12/chapeau-3-5-scaled-e1764176532796-1582x2048.jpg 1582w, https://www.odeypaz.com/wp-content/uploads/2024/12/chapeau-3-5-scaled-e1764176532796.jpg 1796w" sizes="auto, (max-width: 232px) 100vw, 232px" /></p>
<p>Pour offrir ou s&#8217;offrir pour une French touch artistique comme on les aimes</p>
<p>Création fait main puis mis en couleur sur le logiciel illustrator.</p>
<p>Surréaliste mélange d&#8217;émotions, de voyage et partage</p>
<p>Série portrait</p>
<p>&nbsp;</p>

<p>Affiche A3 <b>29,7 x 42 cm</b></p>
<p>160g effet satin</p>
<p>Pour offrir ou s&#8217;offrir pour une French touch artistique comme on les aimes</p>
<p>Création fait main puis mis en couleur sur le logiciel illustrator.</p>
<p>Surréaliste mélange d&#8217;émotions, de voyage et partage</p>
<p>Série portrait</p>
<p>Surréaliste méelange d&#8217;émotions, de voyage et partage</p>
<p>Série portrait</p>
