{"id":1970,"date":"2025-11-26T18:45:59","date_gmt":"2025-11-26T17:45:59","guid":{"rendered":"https:\/\/www.odeypaz.com\/?post_type=product&#038;p=1970"},"modified":"2025-12-07T11:39:24","modified_gmt":"2025-12-07T10:39:24","slug":"affiche-la-fee-a3","status":"publish","type":"product","link":"https:\/\/www.odeypaz.com\/?product=affiche-la-fee-a3","title":{"rendered":"Affiche la f\u00e9e A3"},"content":{"rendered":"<p>Affiche A3 <b>29,7 x 42 cm<\/b><\/p>\n<p>160g effet satin<\/p>\n<p>Pour offrir ou s&#8217;offrir pour une French touch artistique comme on les aimes<\/p>\n<p>Cr\u00e9ation fait main puis mis en couleur sur le logiciel illustrator.<\/p>\n<p>Surr\u00e9aliste m\u00e9lange d&#8217;\u00e9motions, de voyage et partage<\/p>\n<p>S\u00e9rie portrait<\/p>\n<p><img loading=\"lazy\" decoding=\"async\" class=\"alignnone size-medium wp-image-1902\" src=\"https:\/\/www.odeypaz.com\/wp-content\/uploads\/2024\/12\/CHAPEAUX-1-2-scaled-e1764178305812-224x300.jpg\" alt=\"la f\u00e9e\" width=\"224\" height=\"300\" srcset=\"https:\/\/www.odeypaz.com\/wp-content\/uploads\/2024\/12\/CHAPEAUX-1-2-scaled-e1764178305812-224x300.jpg 224w, https:\/\/www.odeypaz.com\/wp-content\/uploads\/2024\/12\/CHAPEAUX-1-2-scaled-e1764178305812-600x805.jpg 600w, https:\/\/www.odeypaz.com\/wp-content\/uploads\/2024\/12\/CHAPEAUX-1-2-scaled-e1764178305812-763x1024.jpg 763w, https:\/\/www.odeypaz.com\/wp-content\/uploads\/2024\/12\/CHAPEAUX-1-2-scaled-e1764178305812-768x1030.jpg 768w, https:\/\/www.odeypaz.com\/wp-content\/uploads\/2024\/12\/CHAPEAUX-1-2-scaled-e1764178305812-1145x1536.jpg 1145w, https:\/\/www.odeypaz.com\/wp-content\/uploads\/2024\/12\/CHAPEAUX-1-2-scaled-e1764178305812-1527x2048.jpg 1527w, https:\/\/www.odeypaz.com\/wp-content\/uploads\/2024\/12\/CHAPEAUX-1-2-scaled-e1764178305812.jpg 1737w\" sizes=\"auto, (max-width: 224px) 100vw, 224px\" \/><\/p>\n","protected":false},"excerpt":{"rendered":"<p>Affiche A3 <b>29,7 x 42 cm<\/b><\/p>\n<p>160g effet satin<\/p>\n<p>Pour offrir ou s&#8217;offrir pour une French touch artistique comme on les aimes<\/p>\n<p>Cr\u00e9ation fait main puis mis en couleur sur le logiciel illustrator.<\/p>\n<p>Surr\u00e9aliste m\u00e9lange d&#8217;\u00e9motions, de voyage et partage<\/p>\n<p>S\u00e9rie portrait<\/p>\n","protected":false},"featured_media":1902,"comment_status":"open","ping_status":"closed","template":"","meta":{"jetpack_post_was_ever_published":false},"product_cat":[23],"product_tag":[],"class_list":{"0":"post-1970","1":"product","2":"type-product","3":"status-publish","4":"has-post-thumbnail","6":"product_cat-affiches","8":"first","9":"instock","10":"sale","11":"featured","12":"taxable","13":"shipping-taxable","14":"purchasable","15":"product-type-simple"},"jetpack_sharing_enabled":true,"_links":{"self":[{"href":"https:\/\/www.odeypaz.com\/index.php?rest_route=\/wp\/v2\/product\/1970","targetHints":{"allow":["GET"]}}],"collection":[{"href":"https:\/\/www.odeypaz.com\/index.php?rest_route=\/wp\/v2\/product"}],"about":[{"href":"https:\/\/www.odeypaz.com\/index.php?rest_route=\/wp\/v2\/types\/product"}],"replies":[{"embeddable":true,"href":"https:\/\/www.odeypaz.com\/index.php?rest_route=%2Fwp%2Fv2%2Fcomments&post=1970"}],"wp:featuredmedia":[{"embeddable":true,"href":"https:\/\/www.odeypaz.com\/index.php?rest_route=\/wp\/v2\/media\/1902"}],"wp:attachment":[{"href":"https:\/\/www.odeypaz.com\/index.php?rest_route=%2Fwp%2Fv2%2Fmedia&parent=1970"}],"wp:term":[{"taxonomy":"product_cat","embeddable":true,"href":"https:\/\/www.odeypaz.com\/index.php?rest_route=%2Fwp%2Fv2%2Fproduct_cat&post=1970"},{"taxonomy":"product_tag","embeddable":true,"href":"https:\/\/www.odeypaz.com\/index.php?rest_route=%2Fwp%2Fv2%2Fproduct_tag&post=1970"}],"curies":[{"name":"wp","href":"https:\/\/api.w.org\/{rel}","templated":true}]}}

Affiche la fée A3

<p>Affiche A3 <b>29,7 x 42 cm</b></p>
<p>160g effet satin</p>
<p>Pour offrir ou s&#8217;offrir pour une French touch artistique comme on les aimes</p>
<p>Création fait main puis mis en couleur sur le logiciel illustrator.</p>
<p>Surréaliste mélange d&#8217;émotions, de voyage et partage</p>
<p>Série portrait</p>
<p><img loading="lazy" decoding="async" class="alignnone size-medium wp-image-1902" src="https://www.odeypaz.com/wp-content/uploads/2024/12/CHAPEAUX-1-2-scaled-e1764178305812-224x300.jpg" alt="la fée" width="224" height="300" srcset="https://www.odeypaz.com/wp-content/uploads/2024/12/CHAPEAUX-1-2-scaled-e1764178305812-224x300.jpg 224w, https://www.odeypaz.com/wp-content/uploads/2024/12/CHAPEAUX-1-2-scaled-e1764178305812-600x805.jpg 600w, https://www.odeypaz.com/wp-content/uploads/2024/12/CHAPEAUX-1-2-scaled-e1764178305812-763x1024.jpg 763w, https://www.odeypaz.com/wp-content/uploads/2024/12/CHAPEAUX-1-2-scaled-e1764178305812-768x1030.jpg 768w, https://www.odeypaz.com/wp-content/uploads/2024/12/CHAPEAUX-1-2-scaled-e1764178305812-1145x1536.jpg 1145w, https://www.odeypaz.com/wp-content/uploads/2024/12/CHAPEAUX-1-2-scaled-e1764178305812-1527x2048.jpg 1527w, https://www.odeypaz.com/wp-content/uploads/2024/12/CHAPEAUX-1-2-scaled-e1764178305812.jpg 1737w" sizes="auto, (max-width: 224px) 100vw, 224px" /></p>

<p>Affiche A3 <b>29,7 x 42 cm</b></p>
<p>160g effet satin</p>
<p>Pour offrir ou s&#8217;offrir pour une French touch artistique comme on les aimes</p>
<p>Création fait main puis mis en couleur sur le logiciel illustrator.</p>
<p>Surréaliste mélange d&#8217;émotions, de voyage et partage</p>
<p>Série portrait</p>
