{"id":1952,"date":"2025-11-26T18:28:57","date_gmt":"2025-11-26T17:28:57","guid":{"rendered":"https:\/\/www.odeypaz.com\/?post_type=product&#038;p=1952"},"modified":"2025-12-07T11:40:02","modified_gmt":"2025-12-07T10:40:02","slug":"affiche-gourmande","status":"publish","type":"product","link":"https:\/\/www.odeypaz.com\/?product=affiche-gourmande","title":{"rendered":"Affiche Gourmande"},"content":{"rendered":"<p>Affiche A4 (<b>21 x 29,7 cm)<\/b><\/p>\n<p>160g effet satin<\/p>\n<p>Pour offrir ou s&#8217;offrir pour une French touch artistique comme on les aimes<\/p>\n<p>Cr\u00e9ation fait main puis mis en couleur sur le logiciel illustrator.<\/p>\n<p>Surr\u00e9aliste m\u00e9lange d&#8217;\u00e9motions, de voyage et partage<\/p>\n<p>S\u00e9rie portrait<img loading=\"lazy\" decoding=\"async\" class=\"alignnone size-medium wp-image-1900\" src=\"https:\/\/www.odeypaz.com\/wp-content\/uploads\/2024\/12\/CHAPEAU-7-2-scaled-e1764178073123-226x300.jpg\" alt=\"Gourmande\" width=\"226\" height=\"300\" srcset=\"https:\/\/www.odeypaz.com\/wp-content\/uploads\/2024\/12\/CHAPEAU-7-2-scaled-e1764178073123-226x300.jpg 226w, https:\/\/www.odeypaz.com\/wp-content\/uploads\/2024\/12\/CHAPEAU-7-2-scaled-e1764178073123-600x797.jpg 600w, https:\/\/www.odeypaz.com\/wp-content\/uploads\/2024\/12\/CHAPEAU-7-2-scaled-e1764178073123-771x1024.jpg 771w, https:\/\/www.odeypaz.com\/wp-content\/uploads\/2024\/12\/CHAPEAU-7-2-scaled-e1764178073123-768x1020.jpg 768w, https:\/\/www.odeypaz.com\/wp-content\/uploads\/2024\/12\/CHAPEAU-7-2-scaled-e1764178073123-1156x1536.jpg 1156w, https:\/\/www.odeypaz.com\/wp-content\/uploads\/2024\/12\/CHAPEAU-7-2-scaled-e1764178073123-1542x2048.jpg 1542w, https:\/\/www.odeypaz.com\/wp-content\/uploads\/2024\/12\/CHAPEAU-7-2-scaled-e1764178073123.jpg 1754w\" sizes=\"auto, (max-width: 226px) 100vw, 226px\" \/><\/p>\n","protected":false},"excerpt":{"rendered":"<p>Affiche A4 (<b>21 x 29,7 cm)<\/b><\/p>\n<p>160g effet satin<\/p>\n<p>Pour offrir ou s&#8217;offrir pour une French touch artistique comme on les aimes<\/p>\n<p>Cr\u00e9ation fait main puis mis en couleur sur le logiciel illustrator.<\/p>\n<p>Surr\u00e9aliste m\u00e9lange d&#8217;\u00e9motions, de voyage et partage<\/p>\n<p>S\u00e9rie portrait<\/p>\n<p>&nbsp;<\/p>\n","protected":false},"featured_media":1900,"comment_status":"open","ping_status":"closed","template":"","meta":{"jetpack_post_was_ever_published":false},"product_cat":[23],"product_tag":[],"class_list":{"0":"post-1952","1":"product","2":"type-product","3":"status-publish","4":"has-post-thumbnail","6":"product_cat-affiches","8":"first","9":"instock","10":"sale","11":"featured","12":"taxable","13":"shipping-taxable","14":"purchasable","15":"product-type-simple"},"jetpack_sharing_enabled":true,"_links":{"self":[{"href":"https:\/\/www.odeypaz.com\/index.php?rest_route=\/wp\/v2\/product\/1952","targetHints":{"allow":["GET"]}}],"collection":[{"href":"https:\/\/www.odeypaz.com\/index.php?rest_route=\/wp\/v2\/product"}],"about":[{"href":"https:\/\/www.odeypaz.com\/index.php?rest_route=\/wp\/v2\/types\/product"}],"replies":[{"embeddable":true,"href":"https:\/\/www.odeypaz.com\/index.php?rest_route=%2Fwp%2Fv2%2Fcomments&post=1952"}],"wp:featuredmedia":[{"embeddable":true,"href":"https:\/\/www.odeypaz.com\/index.php?rest_route=\/wp\/v2\/media\/1900"}],"wp:attachment":[{"href":"https:\/\/www.odeypaz.com\/index.php?rest_route=%2Fwp%2Fv2%2Fmedia&parent=1952"}],"wp:term":[{"taxonomy":"product_cat","embeddable":true,"href":"https:\/\/www.odeypaz.com\/index.php?rest_route=%2Fwp%2Fv2%2Fproduct_cat&post=1952"},{"taxonomy":"product_tag","embeddable":true,"href":"https:\/\/www.odeypaz.com\/index.php?rest_route=%2Fwp%2Fv2%2Fproduct_tag&post=1952"}],"curies":[{"name":"wp","href":"https:\/\/api.w.org\/{rel}","templated":true}]}}

<p>Affiche A4 (<b>21 x 29,7 cm)</b></p>
<p>160g effet satin</p>
<p>Pour offrir ou s&#8217;offrir pour une French touch artistique comme on les aimes</p>
<p>Création fait main puis mis en couleur sur le logiciel illustrator.</p>
<p>Surréaliste mélange d&#8217;émotions, de voyage et partage</p>
<p>Série portrait<img loading="lazy" decoding="async" class="alignnone size-medium wp-image-1900" src="https://www.odeypaz.com/wp-content/uploads/2024/12/CHAPEAU-7-2-scaled-e1764178073123-226x300.jpg" alt="Gourmande" width="226" height="300" srcset="https://www.odeypaz.com/wp-content/uploads/2024/12/CHAPEAU-7-2-scaled-e1764178073123-226x300.jpg 226w, https://www.odeypaz.com/wp-content/uploads/2024/12/CHAPEAU-7-2-scaled-e1764178073123-600x797.jpg 600w, https://www.odeypaz.com/wp-content/uploads/2024/12/CHAPEAU-7-2-scaled-e1764178073123-771x1024.jpg 771w, https://www.odeypaz.com/wp-content/uploads/2024/12/CHAPEAU-7-2-scaled-e1764178073123-768x1020.jpg 768w, https://www.odeypaz.com/wp-content/uploads/2024/12/CHAPEAU-7-2-scaled-e1764178073123-1156x1536.jpg 1156w, https://www.odeypaz.com/wp-content/uploads/2024/12/CHAPEAU-7-2-scaled-e1764178073123-1542x2048.jpg 1542w, https://www.odeypaz.com/wp-content/uploads/2024/12/CHAPEAU-7-2-scaled-e1764178073123.jpg 1754w" sizes="auto, (max-width: 226px) 100vw, 226px" /></p>

<p>Affiche A4 (<b>21 x 29,7 cm)</b></p>
<p>160g effet satin</p>
<p>Pour offrir ou s&#8217;offrir pour une French touch artistique comme on les aimes</p>
<p>Création fait main puis mis en couleur sur le logiciel illustrator.</p>
<p>Surréaliste mélange d&#8217;émotions, de voyage et partage</p>
<p>Série portrait</p>
<p>&nbsp;</p>
