{"id":1929,"date":"2025-11-26T17:49:54","date_gmt":"2025-11-26T16:49:54","guid":{"rendered":"https:\/\/www.odeypaz.com\/?post_type=product&#038;p=1929"},"modified":"2025-12-07T11:36:57","modified_gmt":"2025-12-07T10:36:57","slug":"affiche-lorientale","status":"publish","type":"product","link":"https:\/\/www.odeypaz.com\/?product=affiche-lorientale","title":{"rendered":"Affiche L&#8217;orientale"},"content":{"rendered":"<p>Affiche A4 L&#8217;orientale<\/p>\n<p>160g effet satin<\/p>\n<p>Cr\u00e9ation fait main puis mis en couleur sur le logiciel Illustrator<\/p>\n<p>Pour offrir ou s&#8217;offrir pour une French touch artistique comme on les aimes<\/p>\n<p>R\u00e9alis\u00e9 dans un Hostel \u00e0 Marrakech en 2025<\/p>\n<p>Joyeuses F\u00eates !<\/p>\n<p>12 euros<\/p>\n<p><img loading=\"lazy\" decoding=\"async\" class=\"alignnone size-medium wp-image-1903\" src=\"https:\/\/www.odeypaz.com\/wp-content\/uploads\/2024\/12\/2-femme-orientale-scaled-e1764175742588-225x300.jpg\" alt=\"\" width=\"225\" height=\"300\" srcset=\"https:\/\/www.odeypaz.com\/wp-content\/uploads\/2024\/12\/2-femme-orientale-scaled-e1764175742588-225x300.jpg 225w, https:\/\/www.odeypaz.com\/wp-content\/uploads\/2024\/12\/2-femme-orientale-scaled-e1764175742588-600x799.jpg 600w, https:\/\/www.odeypaz.com\/wp-content\/uploads\/2024\/12\/2-femme-orientale-scaled-e1764175742588-769x1024.jpg 769w, https:\/\/www.odeypaz.com\/wp-content\/uploads\/2024\/12\/2-femme-orientale-scaled-e1764175742588-768x1023.jpg 768w, https:\/\/www.odeypaz.com\/wp-content\/uploads\/2024\/12\/2-femme-orientale-scaled-e1764175742588-1154x1536.jpg 1154w, https:\/\/www.odeypaz.com\/wp-content\/uploads\/2024\/12\/2-femme-orientale-scaled-e1764175742588-1538x2048.jpg 1538w, https:\/\/www.odeypaz.com\/wp-content\/uploads\/2024\/12\/2-femme-orientale-scaled-e1764175742588.jpg 1750w\" sizes=\"auto, (max-width: 225px) 100vw, 225px\" \/><\/p>\n","protected":false},"excerpt":{"rendered":"<p>Affiche A4 L&#8217;orientale<\/p>\n<p>Cr\u00e9ation fait main puis mis en couleur sur le logiciel Illustrator<\/p>\n<p>Pour offrir ou s&#8217;offrir pour une French touch artistique comme on les aimes<\/p>\n<p>R\u00e9alis\u00e9 dans un Hostel \u00e0 Marrakech en 2025<\/p>\n<p>Joyeuses F\u00eates !<\/p>\n<p>12 euros<\/p>\n","protected":false},"featured_media":1903,"comment_status":"open","ping_status":"closed","template":"","meta":{"jetpack_post_was_ever_published":false},"product_cat":[23],"product_tag":[],"class_list":{"0":"post-1929","1":"product","2":"type-product","3":"status-publish","4":"has-post-thumbnail","6":"product_cat-affiches","8":"first","9":"instock","10":"sale","11":"taxable","12":"shipping-taxable","13":"purchasable","14":"product-type-simple"},"jetpack_sharing_enabled":true,"_links":{"self":[{"href":"https:\/\/www.odeypaz.com\/index.php?rest_route=\/wp\/v2\/product\/1929","targetHints":{"allow":["GET"]}}],"collection":[{"href":"https:\/\/www.odeypaz.com\/index.php?rest_route=\/wp\/v2\/product"}],"about":[{"href":"https:\/\/www.odeypaz.com\/index.php?rest_route=\/wp\/v2\/types\/product"}],"replies":[{"embeddable":true,"href":"https:\/\/www.odeypaz.com\/index.php?rest_route=%2Fwp%2Fv2%2Fcomments&post=1929"}],"wp:featuredmedia":[{"embeddable":true,"href":"https:\/\/www.odeypaz.com\/index.php?rest_route=\/wp\/v2\/media\/1903"}],"wp:attachment":[{"href":"https:\/\/www.odeypaz.com\/index.php?rest_route=%2Fwp%2Fv2%2Fmedia&parent=1929"}],"wp:term":[{"taxonomy":"product_cat","embeddable":true,"href":"https:\/\/www.odeypaz.com\/index.php?rest_route=%2Fwp%2Fv2%2Fproduct_cat&post=1929"},{"taxonomy":"product_tag","embeddable":true,"href":"https:\/\/www.odeypaz.com\/index.php?rest_route=%2Fwp%2Fv2%2Fproduct_tag&post=1929"}],"curies":[{"name":"wp","href":"https:\/\/api.w.org\/{rel}","templated":true}]}}