{"id":1959,"date":"2025-11-26T18:37:57","date_gmt":"2025-11-26T17:37:57","guid":{"rendered":"https:\/\/www.odeypaz.com\/?page_id=1959"},"modified":"2025-11-26T20:31:25","modified_gmt":"2025-11-26T19:31:25","slug":"cahier-imagination","status":"publish","type":"page","link":"https:\/\/www.odeypaz.com\/?page_id=1959","title":{"rendered":"CAHIER IMAGINATION"},"content":{"rendered":"<div data-wc-navigation-id=\"wc-product-collection-0\" data-wc-context=\"{&quot;collection&quot;:&quot;woocommerce\\\/product-collection\\\/best-sellers&quot;,&quot;accessibilityLoadingMessage&quot;:&quot;Loading page, please wait.&quot;,&quot;accessibilityLoadedMessage&quot;:&quot;Page Loaded.&quot;,&quot;isPrefetchNextOrPreviousLink&quot;:false}\" data-wc-init=\"callbacks.onRender\" data-wc-interactive=\"{&quot;namespace&quot;:&quot;woocommerce\\\/product-collection&quot;}\" data-__private-preview-state=\"{&quot;isPreview&quot;:false,&quot;previewMessage&quot;:&quot;Les produits d\\u00e9pendront de la page consult\\u00e9e.&quot;}\" data-block-name=\"woocommerce\/product-collection\" data-collection=\"woocommerce\/product-collection\/best-sellers\" data-display-layout=\"{&quot;type&quot;:&quot;flex&quot;,&quot;columns&quot;:5,&quot;shrinkColumns&quot;:true}\" data-hide-controls=\"[&quot;inherit&quot;,&quot;order&quot;,&quot;filterable&quot;]\" data-query-context-includes=\"[&quot;collection&quot;]\" data-query-id=\"0\" data-query=\"{&quot;perPage&quot;:5,&quot;pages&quot;:1,&quot;offset&quot;:0,&quot;postType&quot;:&quot;product&quot;,&quot;order&quot;:&quot;desc&quot;,&quot;orderBy&quot;:&quot;popularity&quot;,&quot;search&quot;:&quot;&quot;,&quot;exclude&quot;:[],&quot;inherit&quot;:false,&quot;taxQuery&quot;:[],&quot;isProductCollectionBlock&quot;:true,&quot;featured&quot;:false,&quot;woocommerceOnSale&quot;:false,&quot;woocommerceStockStatus&quot;:[&quot;instock&quot;,&quot;outofstock&quot;,&quot;onbackorder&quot;],&quot;woocommerceAttributes&quot;:[],&quot;woocommerceHandPickedProducts&quot;:[],&quot;filterable&quot;:false}\" data-tag-name=\"div\" class=\"wp-block-woocommerce-product-collection is-layout-flow wp-block-woocommerce-product-collection-is-layout-flow\"><h2 class=\"wp-block-heading has-text-align-left\" style=\"margin-bottom:1rem\">Produits les plus vendus<\/h2>\n\n<p class=\"has-text-align-left\">Cahier de coloriage Pour d\u00e9velopper son imagination.<\/p>\n\t\t\t\t<div\n\t\t\t\t\tdata-wc-interactive=\"{&quot;namespace&quot;:&quot;woocommerce\/product-collection&quot;}\"\n\t\t\t\t\tclass=\"wc-block-product-collection__pagination-animation\"\n\t\t\t\t\tdata-wc-class--start-animation=\"state.startAnimation\"\n\t\t\t\t\tdata-wc-class--finish-animation=\"state.finishAnimation\">\n\t\t\t\t<\/div>\n\t\t\t\t<div\n\t\t\t\t\tdata-wc-interactive=\"{&quot;namespace&quot;:&quot;woocommerce\/product-collection&quot;}\"\n\t\t\t\t\tclass=\"screen-reader-text\"\n\t\t\t\t\taria-live=\"polite\"\n\t\t\t\t\tdata-wc-text=\"context.accessibilityMessage\">\n\t\t\t\t<\/div>\n\t\t\t<\/div><div data-block-name=\"woocommerce\/product-top-rated\" data-categories=\"[28]\" data-orderby=\"date\" data-rows=\"6\" data-stock-status=\"[&quot;&quot;,&quot;instock&quot;,&quot;outofstock&quot;,&quot;onbackorder&quot;]\" class=\"wc-block-grid wp-block-product-top-rated wc-block-product-top-rated has-3-columns has-multiple-rows\"><ul class=\"wc-block-grid__products\"><li class=\"wc-block-grid__product\">\n\t\t\t\t<a href=\"https:\/\/www.odeypaz.com\/?product=que-vois-je-2\" class=\"wc-block-grid__product-link\">\n\t\t\t\t\t<div class=\"wc-block-grid__product-onsale\">\n\t\t\t<span aria-hidden=\"true\">Sale<\/span>\n\t\t\t<span class=\"screen-reader-text\">Product on sale<\/span>\n\t\t<\/div>\n\t\t\t\t\t<div class=\"wc-block-grid__product-image\"><img loading=\"lazy\" decoding=\"async\" width=\"300\" height=\"300\" src=\"https:\/\/www.odeypaz.com\/wp-content\/uploads\/2025\/01\/1-300x300.png\" class=\"attachment-woocommerce_thumbnail size-woocommerce_thumbnail\" alt=\"CAHIER \/\/ QUE VOIS-JE ?\" srcset=\"https:\/\/www.odeypaz.com\/wp-content\/uploads\/2025\/01\/1-300x300.png 300w, https:\/\/www.odeypaz.com\/wp-content\/uploads\/2025\/01\/1-150x150.png 150w\" sizes=\"auto, (max-width: 300px) 100vw, 300px\" \/><\/div>\n\t\t\t\t\t<div class=\"wc-block-grid__product-title\">CAHIER \/\/ QUE VOIS-JE ?<\/div>\n\t\t\t\t<\/a>\n\t\t\t\t<div class=\"wc-block-grid__product-price price\"><del aria-hidden=\"true\"><span class=\"woocommerce-Price-amount amount\">14,00&nbsp;<span class=\"woocommerce-Price-currencySymbol\">&euro;<\/span><\/span><\/del> <span class=\"screen-reader-text\">Original price was: 14,00&nbsp;&euro;.<\/span><ins aria-hidden=\"true\"><span class=\"woocommerce-Price-amount amount\">12,00&nbsp;<span class=\"woocommerce-Price-currencySymbol\">&euro;<\/span><\/span><\/ins><span class=\"screen-reader-text\">Current price is: 12,00&nbsp;&euro;.<\/span><\/div>\n\t\t\t\t\n\t\t\t\t<div class=\"wp-block-button wc-block-grid__product-add-to-cart\"><a href=\"?add-to-cart=1913\" aria-label=\"Add to cart: &ldquo;CAHIER \/\/ QUE VOIS-JE ?&rdquo;\" data-quantity=\"1\" data-product_id=\"1913\" data-product_sku=\"\" data-price=\"12\" rel=\"nofollow\" class=\"wp-block-button__link  add_to_cart_button ajax_add_to_cart\">Add to cart<\/a><\/div>\n\t\t\t<\/li><\/ul><\/div><p>QUE VOIS-JE ?<\/p><p>TOME I<\/p><p>La libre imagination est permise<\/p><p>L\u2019artiste Odeypaz vous propose un premier tome ludique et abstrait \u00e0 colorier.<\/p><p>Votre mission : Choisis un titre sous chaque cr\u00e9ation selon tes<br>\u00e9motions, exprime ton imagination.<\/p><p>Il est tr\u00e8s plaisant d\u2019\u00e9couter la vision de chacun selon ses<br>exp\u00e9riences de vie, les regards seront uniques.<\/p><p>J\u2019esp\u00e8re par mon art cr\u00e9er une atmosph\u00e8re de partage, une tol\u00e9rance \u00e0<br>la diff\u00e9rence tout en d\u00e9veloppant son imagination.<\/p><p>Odeypaz 2024<\/p>","protected":false},"excerpt":{"rendered":"<p>QUE VOIS-JE ? TOME I La libre imagination est permise L\u2019artiste Odeypaz vous propose un premier tome ludique et abstrait \u00e0 colorier. Votre mission : Choisis un titre sous chaque cr\u00e9ation selon tes\u00e9motions, exprime ton imagination. Il est tr\u00e8s plaisant d\u2019\u00e9couter la vision de chacun selon sesexp\u00e9riences de vie, les regards seront uniques. J\u2019esp\u00e8re par &hellip; <\/p>\n","protected":false},"author":1,"featured_media":0,"parent":0,"menu_order":0,"comment_status":"closed","ping_status":"closed","template":"","meta":{"jetpack_post_was_ever_published":false,"footnotes":""},"class_list":["post-1959","page","type-page","status-publish","hentry"],"jetpack_sharing_enabled":true,"_links":{"self":[{"href":"https:\/\/www.odeypaz.com\/index.php?rest_route=\/wp\/v2\/pages\/1959","targetHints":{"allow":["GET"]}}],"collection":[{"href":"https:\/\/www.odeypaz.com\/index.php?rest_route=\/wp\/v2\/pages"}],"about":[{"href":"https:\/\/www.odeypaz.com\/index.php?rest_route=\/wp\/v2\/types\/page"}],"author":[{"embeddable":true,"href":"https:\/\/www.odeypaz.com\/index.php?rest_route=\/wp\/v2\/users\/1"}],"replies":[{"embeddable":true,"href":"https:\/\/www.odeypaz.com\/index.php?rest_route=%2Fwp%2Fv2%2Fcomments&post=1959"}],"version-history":[{"count":7,"href":"https:\/\/www.odeypaz.com\/index.php?rest_route=\/wp\/v2\/pages\/1959\/revisions"}],"predecessor-version":[{"id":2010,"href":"https:\/\/www.odeypaz.com\/index.php?rest_route=\/wp\/v2\/pages\/1959\/revisions\/2010"}],"wp:attachment":[{"href":"https:\/\/www.odeypaz.com\/index.php?rest_route=%2Fwp%2Fv2%2Fmedia&parent=1959"}],"curies":[{"name":"wp","href":"https:\/\/api.w.org\/{rel}","templated":true}]}}